{"id":4,"date":"2020-09-22T17:52:17","date_gmt":"2020-09-22T17:52:17","guid":{"rendered":"http:\/\/esenciasnaturales.es\/bienvenido-a-http-esenciasnaturales-es"},"modified":"2023-05-28T21:23:58","modified_gmt":"2023-05-28T21:23:58","slug":"alarcon-esencias-naturales","status":"publish","type":"page","link":"https:\/\/esenciasnaturales.es\/","title":{"rendered":"Esencias naturales Alarc\u00f3n"},"content":{"rendered":"\n<div class=\"wp-block-columns is-layout-flex wp-container-core-columns-is-layout-9d6595d7 wp-block-columns-is-layout-flex\">\n<div class=\"wp-block-column is-layout-flow wp-block-column-is-layout-flow\" style=\"flex-basis:100%\">\n<div class=\"wp-block-group\"><div class=\"wp-block-group__inner-container is-layout-flow wp-block-group-is-layout-flow\">\n<figure class=\"wp-block-image size-full\"><img loading=\"lazy\" decoding=\"async\" width=\"586\" height=\"292\" src=\"https:\/\/esenciasnaturales.es\/wp-content\/uploads\/2022\/03\/cropped-cropped-cropped-Recurso-3-1-1.png\" alt=\"\" class=\"wp-image-759\" srcset=\"https:\/\/esenciasnaturales.es\/wp-content\/uploads\/2022\/03\/cropped-cropped-cropped-Recurso-3-1-1.png 586w, https:\/\/esenciasnaturales.es\/wp-content\/uploads\/2022\/03\/cropped-cropped-cropped-Recurso-3-1-1-300x149.png 300w\" sizes=\"auto, (max-width: 586px) 100vw, 586px\" \/><\/figure>\n<\/div><\/div>\n<\/div>\n<\/div>\n\n\n\n<div class=\"wp-block-cover alignfull has-white-background-color has-background-dim\" style=\"min-height:50px;aspect-ratio:unset;\"><img loading=\"lazy\" decoding=\"async\" width=\"1366\" height=\"338\" class=\"wp-block-cover__image-background wp-image-618\" alt=\"\" src=\"https:\/\/esenciasnaturales.es\/wp-content\/uploads\/2021\/08\/Header1-6.png\" style=\"object-position:50% 59%\" data-object-fit=\"cover\" data-object-position=\"50% 59%\" srcset=\"https:\/\/esenciasnaturales.es\/wp-content\/uploads\/2021\/08\/Header1-6.png 1366w, https:\/\/esenciasnaturales.es\/wp-content\/uploads\/2021\/08\/Header1-6-300x74.png 300w, https:\/\/esenciasnaturales.es\/wp-content\/uploads\/2021\/08\/Header1-6-1024x253.png 1024w, https:\/\/esenciasnaturales.es\/wp-content\/uploads\/2021\/08\/Header1-6-768x190.png 768w\" sizes=\"auto, (max-width: 1366px) 100vw, 1366px\" \/><div class=\"wp-block-cover__inner-container is-layout-flow wp-block-cover-is-layout-flow\">\n<div class=\"wp-block-media-text has-media-on-the-right is-stacked-on-mobile is-vertically-aligned-top\" style=\"grid-template-columns:auto 52%\"><figure class=\"wp-block-media-text__media\"><a href=\"esenciasnaturales.es\/?page_id=70\"><img loading=\"lazy\" decoding=\"async\" width=\"1024\" height=\"727\" src=\"https:\/\/esenciasnaturales.es\/wp-content\/uploads\/2021\/08\/abejas-9.png\" alt=\"alarcon esencias naturales\" class=\"wp-image-466 size-full\" srcset=\"https:\/\/esenciasnaturales.es\/wp-content\/uploads\/2021\/08\/abejas-9.png 1024w, https:\/\/esenciasnaturales.es\/wp-content\/uploads\/2021\/08\/abejas-9-300x213.png 300w, https:\/\/esenciasnaturales.es\/wp-content\/uploads\/2021\/08\/abejas-9-768x545.png 768w\" sizes=\"auto, (max-width: 1024px) 100vw, 1024px\" \/><\/a><\/figure><div class=\"wp-block-media-text__content\"><p class=\"fonts-plugin-block\" style=\"font-weight: normal;font-size: 14px;\"><span style=\"color:#a3af60\" class=\"has-inline-color\"><strong>QUI\u00c9NES SOMOS<\/strong><\/span><\/p>\n\n<p class=\"fonts-plugin-block\" style=\"font-family: Raleway;font-weight: 700;font-size: 38px;line-height: 1;color: #58498d;\">M\u00e1s de 20 a\u00f1os de dedicaci\u00f3n a las esencias naturales<\/p>\n\n<p class=\"fonts-plugin-block\" style=\"font-family: Raleway;font-weight: 600;font-size: 14px;color: #525252;\">M\u00e1s que un trabajo, un modo de vida.<\/p>\n\n\n<div class=\"wp-block-buttons is-content-justification-space-between is-layout-flex wp-block-buttons-is-layout-flex\">\n<div class=\"wp-block-button has-custom-font-size is-style-fill\" style=\"font-size:14px\"><a class=\"wp-block-button__link has-white-color has-text-color has-background\" href=\"https:\/\/esenciasnaturales.es\/?page_id=70\" style=\"border-radius:0px;background-color:#a3af60\">SABER M\u00c1S<\/a><\/div>\n<\/div>\n<\/div><\/div>\n\n\n\n<p><\/p>\n<\/div><\/div>\n\n\n\n<div class=\"wp-block-cover alignfull has-white-background-color has-background-dim\" style=\"min-height:50px;aspect-ratio:unset;\"><img loading=\"lazy\" decoding=\"async\" width=\"1307\" height=\"316\" class=\"wp-block-cover__image-background wp-image-624\" alt=\"\" src=\"https:\/\/esenciasnaturales.es\/wp-content\/uploads\/2021\/08\/Header2-8.png\" style=\"object-position:50% 58%\" data-object-fit=\"cover\" data-object-position=\"50% 58%\" srcset=\"https:\/\/esenciasnaturales.es\/wp-content\/uploads\/2021\/08\/Header2-8.png 1307w, https:\/\/esenciasnaturales.es\/wp-content\/uploads\/2021\/08\/Header2-8-300x73.png 300w, https:\/\/esenciasnaturales.es\/wp-content\/uploads\/2021\/08\/Header2-8-1024x248.png 1024w, https:\/\/esenciasnaturales.es\/wp-content\/uploads\/2021\/08\/Header2-8-768x186.png 768w\" sizes=\"auto, (max-width: 1307px) 100vw, 1307px\" \/><div class=\"wp-block-cover__inner-container is-layout-flow wp-block-cover-is-layout-flow\">\n<div class=\"wp-block-media-text is-stacked-on-mobile is-vertically-aligned-top\" style=\"grid-template-columns:53% auto\"><figure class=\"wp-block-media-text__media\"><a href=\"https:\/\/esenciasnaturales.es\/?page_id=47\"><img loading=\"lazy\" decoding=\"async\" width=\"1024\" height=\"727\" src=\"https:\/\/esenciasnaturales.es\/wp-content\/uploads\/2021\/08\/frascos-2.png\" alt=\"esencias naturales y aceites esenciales\" class=\"wp-image-513 size-full\" srcset=\"https:\/\/esenciasnaturales.es\/wp-content\/uploads\/2021\/08\/frascos-2.png 1024w, https:\/\/esenciasnaturales.es\/wp-content\/uploads\/2021\/08\/frascos-2-300x213.png 300w, https:\/\/esenciasnaturales.es\/wp-content\/uploads\/2021\/08\/frascos-2-768x545.png 768w\" sizes=\"auto, (max-width: 1024px) 100vw, 1024px\" \/><\/a><\/figure><div class=\"wp-block-media-text__content\"><p class=\"fonts-plugin-block\" style=\"font-weight: normal;font-size: 14px;line-height: 1;\"><span style=\"color:#a3af60\" class=\"has-inline-color\"><strong>ESENCIAS NATURALES<\/strong><\/span><\/p>\n\n<p class=\"fonts-plugin-block\" style=\"font-family: Raleway;font-weight: 700;font-size: 38px;line-height: 1;text-align: left;color: #58498d;\">La pureza de las monta\u00f1as de interior<\/p>\n\n<p class=\"fonts-plugin-block\" style=\"font-family: Raleway;font-weight: 600;font-size: 14px;color: #525252;\">Aceites naturales esenciales y puros extra\u00eddos a m\u00e1s de 1000 m de altitud en Murcia y Granada.<\/p>\n\n\n<div class=\"wp-block-buttons is-content-justification-space-between is-layout-flex wp-block-buttons-is-layout-flex\">\n<div class=\"wp-block-button has-custom-font-size is-style-fill\" style=\"font-size:14px\"><a class=\"wp-block-button__link has-white-color has-text-color has-background\" href=\"https:\/\/esenciasnaturales.es\/?page_id=47\" style=\"border-radius:0px;background-color:#a3af60\">DESCUBRIR<\/a><\/div>\n<\/div>\n\n\n\n<div class=\"wp-block-group\"><div class=\"wp-block-group__inner-container is-layout-flow wp-block-group-is-layout-flow\">\n<div class=\"wp-block-columns is-layout-flex wp-container-core-columns-is-layout-9d6595d7 wp-block-columns-is-layout-flex\">\n<div class=\"wp-block-column is-layout-flow wp-block-column-is-layout-flow\" style=\"flex-basis:100%\"><\/div>\n<\/div>\n<\/div><\/div>\n<\/div><\/div>\n<\/div><\/div>\n\n\n\n<div class=\"wp-block-cover alignfull has-white-background-color has-background-dim\" style=\"min-height:50px;aspect-ratio:unset;\"><img loading=\"lazy\" decoding=\"async\" width=\"1366\" height=\"338\" class=\"wp-block-cover__image-background wp-image-635\" alt=\"\" src=\"https:\/\/esenciasnaturales.es\/wp-content\/uploads\/2021\/08\/Header3-7.png\" style=\"object-position:0% 54%\" data-object-fit=\"cover\" data-object-position=\"0% 54%\" srcset=\"https:\/\/esenciasnaturales.es\/wp-content\/uploads\/2021\/08\/Header3-7.png 1366w, https:\/\/esenciasnaturales.es\/wp-content\/uploads\/2021\/08\/Header3-7-300x74.png 300w, https:\/\/esenciasnaturales.es\/wp-content\/uploads\/2021\/08\/Header3-7-1024x253.png 1024w, https:\/\/esenciasnaturales.es\/wp-content\/uploads\/2021\/08\/Header3-7-768x190.png 768w\" sizes=\"auto, (max-width: 1366px) 100vw, 1366px\" \/><div class=\"wp-block-cover__inner-container is-layout-flow wp-block-cover-is-layout-flow\">\n<div class=\"wp-block-media-text has-media-on-the-right is-stacked-on-mobile is-vertically-aligned-top\" style=\"grid-template-columns:auto 52%\"><figure class=\"wp-block-media-text__media\"><a href=\"https:\/\/esenciasnaturales.es\/?page_id=48\"><img loading=\"lazy\" decoding=\"async\" width=\"1024\" height=\"320\" src=\"https:\/\/esenciasnaturales.es\/wp-content\/uploads\/2020\/10\/cropped-VIVERO-2-scaled-1-1024x320.jpg\" alt=\"viveros de plantas arom\u00e1ticas\" class=\"wp-image-171 size-full\" srcset=\"https:\/\/esenciasnaturales.es\/wp-content\/uploads\/2020\/10\/cropped-VIVERO-2-scaled-1-1024x320.jpg 1024w, https:\/\/esenciasnaturales.es\/wp-content\/uploads\/2020\/10\/cropped-VIVERO-2-scaled-1-300x94.jpg 300w, https:\/\/esenciasnaturales.es\/wp-content\/uploads\/2020\/10\/cropped-VIVERO-2-scaled-1-768x240.jpg 768w, https:\/\/esenciasnaturales.es\/wp-content\/uploads\/2020\/10\/cropped-VIVERO-2-scaled-1-1536x480.jpg 1536w, https:\/\/esenciasnaturales.es\/wp-content\/uploads\/2020\/10\/cropped-VIVERO-2-scaled-1-192x60.jpg 192w, https:\/\/esenciasnaturales.es\/wp-content\/uploads\/2020\/10\/cropped-VIVERO-2-scaled-1.jpg 1920w\" sizes=\"auto, (max-width: 1024px) 100vw, 1024px\" \/><\/a><\/figure><div class=\"wp-block-media-text__content\"><p class=\"fonts-plugin-block\" style=\"font-weight: normal;font-size: 14px;\"><span style=\"color:#a3af60\" class=\"has-inline-color\"><strong>VIVEROS DE PLANTAS AROM\u00c1TICAS<\/strong><\/span><\/p>\n\n<p class=\"fonts-plugin-block\" style=\"font-family: Raleway;font-weight: 700;font-size: 38px;line-height: 1;color: #58498d;\">Lav\u00e1ndulas y mucho m\u00e1s<\/p>\n\n<p class=\"fonts-plugin-block\" style=\"font-family: Raleway;font-weight: 600;font-size: 14px;color: #525252;\">Reproducimos y acondicionamos plantas arom\u00e1ticas y medicinales de la mayor calidad.<\/p>\n\n\n<div class=\"wp-block-buttons is-content-justification-space-between is-layout-flex wp-block-buttons-is-layout-flex\">\n<div class=\"wp-block-button has-custom-font-size is-style-fill\" style=\"font-size:14px\"><a class=\"wp-block-button__link has-white-color has-text-color has-background\" href=\"https:\/\/esenciasnaturales.es\/?page_id=48\" style=\"border-radius:0px;background-color:#a3af60\">M\u00c1S INFO<\/a><\/div>\n<\/div>\n<\/div><\/div>\n<\/div><\/div>\n\n\n\n<div class=\"wp-block-media-text alignwide has-media-on-the-right is-stacked-on-mobile\"><figure class=\"wp-block-media-text__media\"><img loading=\"lazy\" decoding=\"async\" width=\"691\" height=\"763\" src=\"https:\/\/esenciasnaturales.es\/wp-content\/uploads\/2023\/05\/CABALLOS-VINO-1.png\" alt=\"\" class=\"wp-image-773 size-full\" srcset=\"https:\/\/esenciasnaturales.es\/wp-content\/uploads\/2023\/05\/CABALLOS-VINO-1.png 691w, https:\/\/esenciasnaturales.es\/wp-content\/uploads\/2023\/05\/CABALLOS-VINO-1-272x300.png 272w\" sizes=\"auto, (max-width: 691px) 100vw, 691px\" \/><\/figure><div class=\"wp-block-media-text__content\">\n<p class=\"has-text-color\" style=\"color:#a3af60\"><\/p>\n<\/div><\/div>\n\n\n\n<div class=\"wp-block-group\"><div class=\"wp-block-group__inner-container is-layout-flow wp-block-group-is-layout-flow\">\n<div class=\"wp-block-columns is-layout-flex wp-container-core-columns-is-layout-9d6595d7 wp-block-columns-is-layout-flex\">\n<div class=\"wp-block-column is-layout-flow wp-block-column-is-layout-flow\" style=\"flex-basis:100%\">\n<figure class=\"wp-block-gallery columns-1 is-cropped wp-block-gallery-2 is-layout-flex wp-block-gallery-is-layout-flex\"><ul class=\"blocks-gallery-grid\"><li class=\"blocks-gallery-item\"><figure><img loading=\"lazy\" decoding=\"async\" width=\"363\" height=\"635\" src=\"https:\/\/esenciasnaturales.es\/wp-content\/uploads\/2023\/05\/ANO-JUBILAR-1.png\" alt=\"\" data-id=\"772\" data-full-url=\"https:\/\/esenciasnaturales.es\/wp-content\/uploads\/2023\/05\/ANO-JUBILAR-1.png\" data-link=\"https:\/\/esenciasnaturales.es\/?attachment_id=772\" class=\"wp-image-772\" srcset=\"https:\/\/esenciasnaturales.es\/wp-content\/uploads\/2023\/05\/ANO-JUBILAR-1.png 363w, https:\/\/esenciasnaturales.es\/wp-content\/uploads\/2023\/05\/ANO-JUBILAR-1-171x300.png 171w\" sizes=\"auto, (max-width: 363px) 100vw, 363px\" \/><\/figure><\/li><\/ul><\/figure>\n<\/div>\n<\/div>\n<\/div><\/div>\n\n\n\n<div class=\"wp-block-cover alignfull has-background-dim\" style=\"background-color:#58498d;min-height:629px;aspect-ratio:unset;\"><div class=\"wp-block-cover__inner-container is-layout-flow wp-block-cover-is-layout-flow\">\n<div style=\"height:51px\" aria-hidden=\"true\" class=\"wp-block-spacer\"><\/div>\n\n\n\n<p class=\"has-text-align-center has-large-font-size\"><strong>Contacto<\/strong><\/p>\n\n\n\n<div style=\"height:19px\" aria-hidden=\"true\" class=\"wp-block-spacer\"><\/div>\n\n\n<div class=\"wp-block-material-contact-form\"><div class=\"material-design-contact-form \">\n\t<form id=\"materialDesignContactForm\" action=\"javascript:void(0);\">\n\t\t\n<div class=\"wp-block-material-contact-form\">\n<div class=\"mdc-text-field-container mdc-text-field-container--not-required\"><div class=\"mdc-text-field mdc-text-field--custom-full\"><span class=\"mdc-text-field__ripple\"><\/span><input id=\"material-design-name-0\" name=\"material-design-name-0\" type=\"text\" class=\"mdc-text-field__input\" aria-labelledby=\"label-material-design-name-0\" data-form=\"contact\" data-meta=\"name\" data-label=\"Nombre\" \/><div class=\"mdc-line-ripple\"><\/div><label for=\"material-design-name-0\" class=\"mdc-floating-label\" id=\"label-material-design-name-0\">Nombre<\/label><\/div><\/div>\n\n\n\n<div class=\"mdc-text-field-container\"><div class=\"mdc-text-field mdc-text-field--custom-full\"><span class=\"mdc-text-field__ripple\"><\/span><input id=\"material-design-email-1\" name=\"material-design-email-1\" type=\"email\" required class=\"mdc-text-field__input\" aria-labelledby=\"label-material-design-email-1\" data-form=\"contact\" data-meta=\"email\" data-label=\"Email\" \/><div class=\"mdc-line-ripple\"><\/div><label for=\"material-design-email-1\" class=\"mdc-floating-label\" id=\"label-material-design-email-1\">Email<\/label><\/div><\/div>\n\n\n\n<div class=\"mdc-text-field-container\"><div class=\"mdc-text-field mdc-text-field--textarea mdc-text-field--custom-full\"><span class=\"mdc-text-field__ripple\"><\/span><textarea id=\"material-design-message-0\" name=\"material-design-message-0\" class=\"mdc-text-field__input\" rows=\"8\" aria-labelledby=\"label-material-design-message-0\" data-form=\"contact\" data-meta=\"message\" data-label=\"Mensaje\" required><\/textarea><div class=\"mdc-line-ripple\"><\/div><label for=\"material-design-message-0\" class=\"mdc-floating-label\" id=\"label-material-design-message-0\">Mensaje<\/label><\/div><\/div>\n\n\n\n<div class=\"wp-block-material-button\" id=\"block-material-button-0\"><button class=\"mdc-button mdc-button--raised is-large\" type=\"submit\"><i class=\"material-icons mdc-button__icon\">spa<\/i><div class=\"mdc-button__ripple\"><\/div><span class=\"mdc-button__label\">enviar<\/span><\/button><\/div>\n<\/div>\n\t\t<input type=\"hidden\" name=\"action\" value=\"material_design_submit_contact_form\"\/>\n\t\t<input type=\"hidden\" name=\"material_design_token\" value=\"token_here\"\/>\n\t\t<input type=\"hidden\" id=\"material_design_contact_form_nonce\" name=\"material_design_contact_form_nonce\" value=\"5fcdd46f09\" \/><input type=\"hidden\" name=\"_wp_http_referer\" value=\"\/index.php?rest_route=%2Fwp%2Fv2%2Fpages%2F4\" \/>\t<\/form>\n\t<div id=\"materialDesignContactFormSuccessMsgContainer\" style=\"display: none\">\n\t\tTu mensaje ha sido enviado correctamente.\t<\/div>\n\t<div id=\"materialDesignContactFormErrorMsgContainer\" style=\"display: none\">\n\t\tAn error has occurred. Please try again later.\t<\/div>\n<\/div>\n<\/div><\/div><\/div>\n","protected":false},"excerpt":{"rendered":"","protected":false},"author":1,"featured_media":0,"parent":0,"menu_order":0,"comment_status":"closed","ping_status":"closed","template":"","meta":{"material-hide-sections":{"title":true},"footnotes":""},"class_list":["post-4","page","type-page","status-publish","hentry"],"yoast_head":"<!-- This site is optimized with the Yoast SEO plugin v15.8 - https:\/\/yoast.com\/wordpress\/plugins\/seo\/ -->\n<title>Esencias naturales Alarc\u00f3n - Alarc\u00f3n: esencias naturales<\/title>\n<meta name=\"description\" content=\"20 a\u00f1os de dedicaci\u00f3n a las esencias naturales. Aceites naturales esenciales y puros extra\u00eddos en las monta\u00f1as del noroeste de Murcia.\" \/>\n<meta name=\"robots\" content=\"index, follow, max-snippet:-1, max-image-preview:large, max-video-preview:-1\" \/>\n<link rel=\"canonical\" href=\"https:\/\/esenciasnaturales.es\/\" \/>\n<meta property=\"og:locale\" content=\"es_ES\" \/>\n<meta property=\"og:type\" content=\"article\" \/>\n<meta property=\"og:title\" content=\"Esencias naturales Alarc\u00f3n - Alarc\u00f3n: esencias naturales\" \/>\n<meta property=\"og:description\" content=\"20 a\u00f1os de dedicaci\u00f3n a las esencias naturales. Aceites naturales esenciales y puros extra\u00eddos en las monta\u00f1as del noroeste de Murcia.\" \/>\n<meta property=\"og:url\" content=\"https:\/\/esenciasnaturales.es\/\" \/>\n<meta property=\"og:site_name\" content=\"Alarc\u00f3n: esencias naturales\" \/>\n<meta property=\"article:publisher\" content=\"https:\/\/www.facebook.com\/Alarc%c3%b3n-Arom%c3%a1ticas-102590561647849\/\" \/>\n<meta property=\"article:modified_time\" content=\"2023-05-28T21:23:58+00:00\" \/>\n<meta property=\"og:image\" content=\"https:\/\/esenciasnaturales.es\/wp-content\/uploads\/2022\/03\/cropped-cropped-cropped-Recurso-3-1-1.png\" \/>\n<meta name=\"twitter:card\" content=\"summary_large_image\" \/>\n<meta name=\"twitter:label1\" content=\"Tiempo de lectura\">\n\t<meta name=\"twitter:data1\" content=\"2 minutos\">\n<script type=\"application\/ld+json\" class=\"yoast-schema-graph\">{\"@context\":\"https:\/\/schema.org\",\"@graph\":[{\"@type\":\"Organization\",\"@id\":\"https:\/\/esenciasnaturales.es\/#organization\",\"name\":\"Alarc\\u00f3n: esencias naturales\",\"url\":\"https:\/\/esenciasnaturales.es\/\",\"sameAs\":[\"https:\/\/www.facebook.com\/Alarc\\u00f3n-Arom\\u00e1ticas-102590561647849\/\",\"https:\/\/instagram.com\/alarcon_aromaticasyderivados\"],\"logo\":{\"@type\":\"ImageObject\",\"@id\":\"https:\/\/esenciasnaturales.es\/#logo\",\"inLanguage\":\"es\",\"url\":\"https:\/\/esenciasnaturales.es\/wp-content\/uploads\/2021\/07\/cropped-cropped-cropped-Recurso-3-1.png\",\"width\":586,\"height\":292,\"caption\":\"Alarc\\u00f3n: esencias naturales\"},\"image\":{\"@id\":\"https:\/\/esenciasnaturales.es\/#logo\"}},{\"@type\":\"WebSite\",\"@id\":\"https:\/\/esenciasnaturales.es\/#website\",\"url\":\"https:\/\/esenciasnaturales.es\/\",\"name\":\"Alarc\\u00f3n: esencias naturales\",\"description\":\"Aceites naturales esenciales y puros extra\\u00eddos en Murcia y Granada\",\"publisher\":{\"@id\":\"https:\/\/esenciasnaturales.es\/#organization\"},\"potentialAction\":[{\"@type\":\"SearchAction\",\"target\":\"https:\/\/esenciasnaturales.es\/?s={search_term_string}\",\"query-input\":\"required name=search_term_string\"}],\"inLanguage\":\"es\"},{\"@type\":\"ImageObject\",\"@id\":\"https:\/\/esenciasnaturales.es\/#primaryimage\",\"inLanguage\":\"es\",\"url\":\"https:\/\/esenciasnaturales.es\/wp-content\/uploads\/2022\/03\/cropped-cropped-cropped-Recurso-3-1-1.png\",\"width\":586,\"height\":292},{\"@type\":\"WebPage\",\"@id\":\"https:\/\/esenciasnaturales.es\/#webpage\",\"url\":\"https:\/\/esenciasnaturales.es\/\",\"name\":\"Esencias naturales Alarc\\u00f3n - Alarc\\u00f3n: esencias naturales\",\"isPartOf\":{\"@id\":\"https:\/\/esenciasnaturales.es\/#website\"},\"primaryImageOfPage\":{\"@id\":\"https:\/\/esenciasnaturales.es\/#primaryimage\"},\"datePublished\":\"2020-09-22T17:52:17+00:00\",\"dateModified\":\"2023-05-28T21:23:58+00:00\",\"description\":\"20 a\\u00f1os de dedicaci\\u00f3n a las esencias naturales. Aceites naturales esenciales y puros extra\\u00eddos en las monta\\u00f1as del noroeste de Murcia.\",\"breadcrumb\":{\"@id\":\"https:\/\/esenciasnaturales.es\/#breadcrumb\"},\"inLanguage\":\"es\",\"potentialAction\":[{\"@type\":\"ReadAction\",\"target\":[\"https:\/\/esenciasnaturales.es\/\"]}]},{\"@type\":\"BreadcrumbList\",\"@id\":\"https:\/\/esenciasnaturales.es\/#breadcrumb\",\"itemListElement\":[{\"@type\":\"ListItem\",\"position\":1,\"item\":{\"@type\":\"WebPage\",\"@id\":\"https:\/\/esenciasnaturales.es\/\",\"url\":\"https:\/\/esenciasnaturales.es\/\",\"name\":\"Portada\"}},{\"@type\":\"ListItem\",\"position\":2,\"item\":{\"@type\":\"WebPage\",\"@id\":\"https:\/\/esenciasnaturales.es\/\",\"url\":\"https:\/\/esenciasnaturales.es\/\",\"name\":\"Esencias naturales Alarc\\u00f3n\"}}]}]}<\/script>\n<!-- \/ Yoast SEO plugin. -->","_links":{"self":[{"href":"https:\/\/esenciasnaturales.es\/index.php?rest_route=\/wp\/v2\/pages\/4","targetHints":{"allow":["GET"]}}],"collection":[{"href":"https:\/\/esenciasnaturales.es\/index.php?rest_route=\/wp\/v2\/pages"}],"about":[{"href":"https:\/\/esenciasnaturales.es\/index.php?rest_route=\/wp\/v2\/types\/page"}],"author":[{"embeddable":true,"href":"https:\/\/esenciasnaturales.es\/index.php?rest_route=\/wp\/v2\/users\/1"}],"replies":[{"embeddable":true,"href":"https:\/\/esenciasnaturales.es\/index.php?rest_route=%2Fwp%2Fv2%2Fcomments&post=4"}],"version-history":[{"count":153,"href":"https:\/\/esenciasnaturales.es\/index.php?rest_route=\/wp\/v2\/pages\/4\/revisions"}],"predecessor-version":[{"id":774,"href":"https:\/\/esenciasnaturales.es\/index.php?rest_route=\/wp\/v2\/pages\/4\/revisions\/774"}],"wp:attachment":[{"href":"https:\/\/esenciasnaturales.es\/index.php?rest_route=%2Fwp%2Fv2%2Fmedia&parent=4"}],"curies":[{"name":"wp","href":"https:\/\/api.w.org\/{rel}","templated":true}]}}